*c + 65. Let y be j(-20). Suppose 4*d + m - 1771 = 0, y*d + 5*m - 2762 = -537. What is the hundreds digit of d?
4
Suppose 0 = 4*i + 5*q - 32490, i + 3*q = 10176 - 2043. What is the units digit of i?
5
Suppose -5*i = 4*c - 26, 5*c + 4*i - 16 = 3*c. Suppose -c*d = -5*b + 327, 103 + 89 = 3*b - d. What is the units digit of b?
3
Suppose 133205 = 4*z - 5*m, -38*z + 36*z = 3*m - 66597. What is the tens digit of z?
0
Suppose -a - 5*k = 5, a - k = 2*a + 1. Suppose l - 7*p + 4*p = 1084, -5*l - 3*p + 5330 = a. What is the thousands digit of l?
1
What is the tens digit of 4332/171*1878/8?
4
Let p = 62998 + -11157. What is the thousands digit of p?
1
Let a be -2 + 4*(-10)/(-8). Suppose -a*i + 3*d = 360, 4*d = 4*i - 3*i + 135. Let c = 260 + i. What is the units digit of c?
5
What is the thousands digit of (26/(-39))/(3*(-2)/(-18)) - -1848?
1
Let l(h) = 10*h**2 - 10 - 37*h**2 - 11 - h**3 + 11*h - 7. What is the hundreds digit of l(-28)?
4
Let o = 47491 + -34369. What is the units digit of o?
2
Suppose -2*w = 513 + 269. Let j = w - -722. What is the hundreds digit of j?
3
Let o(m) = -33*m**3 + 10*m**2 - 28*m**3 + 60*m**3 - 18 - 7*m. Let i be o(9). Suppose -2*j = -3*c - 217, j = 5*c - i*c + 91. What is the tens digit of j?
1
Let f(a) be the first derivative of 21*a**2/2 + 3*a + 3. Suppose -2*l = 4*s - 18, -28*l = 3*s - 31*l - 9. What is the units digit of f(s)?
7
Let m = 7187 - -341. Suppose 643 = -5*w + m. What is the tens digit of w?
7
Let p = 10000 + 2175. What is the thousands digit of p?
2
Suppose -3*d = -2*t - 4178 - 6689, 2*t - 14508 = -4*d. What is the tens digit of d?
2
Suppose 3*j = 6*j + 9. Let o be (0/(-19))/(1 + j). Suppose 15*k + o*k - 2250 = 0. What is the units digit of k?
0
Suppose 5*a - 8*a + 1291 = 4*v, -1321 = -3*a + 2*v. Let x = -50 + a. What is the hundreds digit of x?
3
Let x = -127 - -109. What is the units digit of (-2398)/x - 4/18?
3
Let w = -19 - -17. What is the units digit of (-1)/w + (-1476)/(-8)?
5
Let o be (-6)/(-9) + 720/54. Suppose 3472 = -10*f + o*f - 4*i, 5*i - 874 = -f. What is the hundreds digit of f?
8
Suppose 3506097 = -237*r - 41*r + 20759055. What is the ten thousands digit of r?
6
Let l(j) = j**2 - 6*j + 329. Let q be l(0). Let w = 0 + q. What is the units digit of w?
9
Suppose -57*x = -64*x + 105. What is the tens digit of 3/15 - 114/x*-73?
5
Let v = -4 + 0. Suppose 2*j - 26 + 32 = 0. What is the units digit of (-1)/(-6)*v + (-50)/j?
6
Let d(t) be the second derivative of -10*t**3 + 173*t**2/2 + 7*t + 11. What is the units digit of d(-7)?
3
Suppose 412031 + 1200736 = 59*z - 86256. What is the units digit of z?
7
Suppose -21556 = -875*c + 873*c. What is the tens digit of c?
7
Let o = 35 - 32. Suppose o*v + 19 - 16 = 0. Let h(p) = -33*p + 4. What is the units digit of h(v)?
7
Suppose 0 = -16*p + 26*p + 60. What is the hundreds digit of ((-15)/25 - p)*235?
2
Suppose -3*r + o = -13050, -r + 0*r = -o - 4350. What is the thousands digit of r?
4
Let s(v) = 38*v - 1. Let l be s(3). Suppose -6*x + 3*t - 243 = 33, -2*t = -12. Let q = x + l. What is the units digit of q?
0
Let p(f) = -f**3 - 28*f**2 + 3*f - 105. What is the units digit of p(-38)?
1
Let f(r) = 9*r - 49. Let m be f(10). What is the units digit of m - -3*(-24)/18?
7
Let y(t) = -5*t**3 + 4*t + 5. Let i(n) = 2*n**2 - 7*n + 2. Let r be i(3). Let o be y(r). What is the hundreds digit of (2128/24)/(o/9)?
1
Suppose -11*v = 8*v. Suppose v = -3*m - 0*m, 3*c - 3*m - 3057 = 0. What is the units digit of c?
9
Let i = -11 + 9. What is the hundreds digit of -821*(-1)/(-2)*i?
8
Let b = 20658 + -11826. What is the thousands digit of b?
8
Let p be 3 - (-74)/(-5) - 4/20. Let w be (-4*p/32)/((-9)/(-3000)). Suppose -12*c = -14*c + w. What is the units digit of c?
0
What is the hundreds digit of 46/391 + 696652/68?
2
Suppose -80 = 6*v - 26*v. Suppose v*j = -4*y + 4622 - 482, 3*j + 2*y = 3105. What is the units digit of j?
5
What is the hundreds digit of ((-276)/12 + 461)/((-4)/(-6))?
6
Let l(k) = -k**3 + 10*k**2 + 53*k + 6. Let n be l(12). Let m = n - 49. What is the tens digit of m?
0
Let w(r) = -459*r - 24. Let s be 0/(-7) + 0 + -1. What is the units digit of w(s)?
5
Suppose 963*z - 917*z = 1526970. What is the tens digit of z?
9
Suppose 2*q + 1 = -5*s + 13, -4*q + 2*s = 0. What is the tens digit of (1048 - -14)*q/3 - -5?
5
Let q be (-4 - 1) + (226 - 9). Let g = 579 - q. What is the tens digit of g?
6
Let p be (1 - 2) + 1 - 280/35. Let l be p/10*10/(-4). Suppose l = 2*n - 20. What is the tens digit of n?
1
Suppose 29*u - 12*u - 51 = 0. Suppose -u*s + 317 = -4*m + 24, -301 = -3*s + 2*m. What is the tens digit of s?
0
Suppose 79836 = 3*m - 0*t - t, -2*t = 6. What is the tens digit of m?
1
Let h(k) = 3 + 31*k - 29*k - k**2 - 1. Let j be h(2). Suppose a + 1 = -3*c + 186, j*a - 126 = -2*c. What is the tens digit of c?
6
Let w(b) = b**2 + 12*b - 73. Let c be w(5). Suppose -c*a - 10*a = -506. What is the units digit of a?
3
Let p = -5842 + 19333. What is the tens digit of p?
9
Suppose -79557 = 166*q - 169*q - 3*x, -3*x = -5*q + 132595. What is the ten thousands digit of q?
2
Let b(y) = 214*y**2 - 423*y - 2889. What is the ten thousands digit of b(-7)?
1
Suppose 4*a = 3*i + 6*a - 2, 2*i = -4*a - 12. Suppose -376 = i*m - 1584. What is the hundreds digit of m?
3
Let y be -7 + (0 - 2*(-1)/(-2)). Let m be -4*-5*(-2)/y. Suppose -2*d = d + 5*v - 64, 2*d - 51 = -m*v. What is the units digit of d?
3
Let v(m) = m**3 + 7*m**2 - 17*m + 26. Suppose 3*p = 13*p + 90. What is the tens digit of v(p)?
1
Let i = -1 + 13. Suppose -i*f = -3794 - 442. What is the units digit of f?
3
Let h(b) = 5*b - 65. Let r be h(13). What is the tens digit of -2 + -2 - -84 - r?
8
Suppose 3*q - 14 = -68. Let j be 3/(q/(-404)) - 10/30. Let i = 193 - j. What is the hundreds digit of i?
1
Let d(u) = 226*u + 3. Let f be d(12). Let x be 4/10 - f/(-25). Let q = x - -36. What is the units digit of q?
5
Suppose 17*q = -q + 29736. What is the hundreds digit of ((-2)/(-8))/(1/q)?
4
Let a be (2/2)/(3 - (-159)/(-54)). Suppose 5*y = a*y - 10270. Suppose 11*d = d + y. What is the units digit of d?
9
Let f(y) = 19*y**2 + 41*y + 36. Let r be f(-9). Let u = r + -309. What is the tens digit of u?
9
Suppose 107*q - 12871676 = 32*q - 161*q. What is the hundreds digit of q?
5
Let l = 6966 + -3450. Suppose 16*b - 28*b = -l. What is the hundreds digit of b?
2
Suppose 15*t = t - 40*t + 4693194. What is the units digit of t?
1
Let g = -100 + 199. Let d be 93/(11/2 + 18 + -25). Let n = d + g. What is the tens digit of n?
3
Let b(v) = -13*v**2 - 966*v - 32. What is the thousands digit of b(-25)?
5
Suppose -w - 4*p + 41 = 0, 2*w - 62 = -2*p - p. Let l = w - 15. What is the tens digit of (-6)/l + (-418)/(-5)?
8
Suppose -23*k = -15*k - 96. What is the units digit of (-5)/(-4) + 3837/k?
1
Suppose 34*x = -27*x + 75*x - 207116. What is the thousands digit of x?
4
Let q = 14 - 14. Suppose q*s - s = -10. Suppose -s*z = -233 - 277. What is the units digit of z?
1
Suppose -24*u = -22*u - 6. Suppose -r - 4 = -5*q, -q - 4*r = -5*r - 4. Suppose 7*p - 2*p + 179 = u*g, q = g - p - 61. What is the units digit of g?
3
Let v(l) be the second derivative of l**4/4 + l**3 - l**2/2 + 22*l. Let y(k) be the first derivative of v(k). What is the units digit of y(1)?
2
Let i(u) = -u**3 + 4*u**2 - 5. Let o = -19 + 23. Let z be i(o). What is the tens digit of (675/10)/z*-10?
3
Suppose 4*y - 5*u - 2091 = 0, -2064 = -4*y - u - 3*u. Suppose -25*z + y + 6906 = 0. What is the units digit of z?
7
Suppose 3*k - 5*p = 47611, 15*p + 47597 = 3*k + 17*p. What is the units digit of k?
7
Let h(z) = 45*z**2 - 9*z - 290. What is the thousands digit of h(13)?
7
Suppose -2*h = -10, 4*h - 6*h = f - 250. Let v be ((-3)/(-12))/((-12)/f). What is the units digit of v - (-52 + 7 + -3)?
3
Let a(q) = 81*q**2 + 19*q - 69. Let r(h) = 40*h**2 + 9*h - 34. Let k(y) = -3*a(y) + 7*r(y). What is the units digit of k(4)?
5
Suppose -68*w - 26951 = -16*w - 380135. What is the thousands digit of w?
6
What is the tens digit of (-110498 + 18)/(-16) + 4*-1?
0
Suppose -6*c = 8 - 2. Let p be (c/1)/((-5)/15). What is the units digit of p/(-15)*-26 + (-2)/10?
5
Let o be 0/(-3 + 4 + -3). Suppose o = -2*d - 4*d + 24. Let l(f) = f**2 - 3*f + 7. What is the units digit of l(d)?
1
Let l(y) = 1 - 2 + 0 + y - 5. Let b be l